ist the prime factors of 21868539.
3, 7, 11, 41, 2309
List the prime factors of 777.
3, 7, 37
What are the prime factors of 601280?
2, 5, 1879
What are the prime factors of 194074?
2, 23, 4219
List the prime factors of 6948512.
2, 17, 53, 241
What are the prime factors of 293052?
2, 3, 24421
List the prime factors of 9376075.
5, 375043
List the prime factors of 930646.
2, 193, 2411
What are the prime factors of 184146?
2, 3, 47, 653
What are the prime factors of 8727053?
8727053
What are the prime factors of 14063082?
2, 3, 11, 41, 5197
List the prime factors of 55433.
7, 7919
List the prime factors of 120363.
3, 53, 757
List the prime factors of 652351.
7, 41, 2273
What are the prime factors of 47752?
2, 47, 127
What are the prime factors of 430947?
3, 11, 1451
What are the prime factors of 191818?
2, 11, 8719
What are the prime factors of 4348783?
4348783
What are the prime factors of 1416032?
2, 17, 19, 137
What are the prime factors of 45900?
2, 3, 5, 17
List the prime factors of 2054154.
2, 3, 342359
List the prime factors of 2178712.
2, 29, 9391
What are the prime factors of 634841?
634841
What are the prime factors of 21870728?
2, 11, 157, 1583
What are the prime factors of 21505?
5, 11, 17, 23
List the prime factors of 299175.
3, 5, 3989
List the prime factors of 1854563.
1854563
What are the prime factors of 205078?
2, 102539
List the prime factors of 12150049.
23, 528263
List the prime factors of 162064.
2, 7, 1447
What are the prime factors of 9206011?
9206011
What are the prime factors of 8694407?
947, 9181
List the prime factors of 2471925.
3, 5, 23, 1433
What are the prime factors of 2117738?
2, 7, 331, 457
What are the prime factors of 352680?
2, 3, 5, 2939
What are the prime factors of 3790045?
5, 7, 108287
List the prime factors of 1440822.
2, 3, 41, 5857
What are the prime factors of 20564922?
2, 3, 7, 43, 59, 193
What are the prime factors of 101192?
2, 7, 13, 139
List the prime factors of 56389.
17, 31, 107
What are the prime factors of 9941805?
3, 5, 73643
What are the prime factors of 2574?
2, 3, 11, 13
What are the prime factors of 6741858?
2, 3, 311, 3613
What are the prime factors of 321806?
2, 160903
List the prime factors of 109454.
2, 54727
What are the prime factors of 305466?
2, 3, 7, 1039
What are the prime factors of 377198?
2, 151, 1249
What are the prime factors of 173504?
2, 2711
What are the prime factors of 20248489?
20248489
List the prime factors of 786510.
2, 3, 5, 971
List the prime factors of 18233423.
13, 1402571
What are the prime factors of 9753956?
2, 2438489
What are the prime factors of 6295730?
2, 5, 7, 89939
List the prime factors of 632690.
2, 5, 151, 419
List the prime factors of 2865765.
3, 5, 7, 557
List the prime factors of 987857.
13, 75989
List the prime factors of 940354.
2, 29, 31, 523
What are the prime factors of 211058?
2, 105529
List the prime factors of 275790.
2, 3, 5, 29, 317
What are the prime factors of 568347?
3, 13, 19, 59
What are the prime factors of 19809976?
2, 89, 27823
List the prime factors of 3368073.
3, 19, 37, 1597
What are the prime factors of 199882?
2, 139, 719
What are the prime factors of 361416?
2, 3, 11, 37
What are the prime factors of 32474?
2, 13, 1249
List the prime factors of 28191405.
3, 5, 11, 170857
What are the prime factors of 89190?
2, 3, 5, 991
What are the prime factors of 1635603?
3, 457, 1193
What are the prime factors of 373376?
2, 2917
What are the prime factors of 8919624?
2, 3, 7, 53093
List the prime factors of 200812.
2, 61, 823
What are the prime factors of 321098?
2, 31, 5179
List the prime factors of 321565.
5, 73, 881
What are the prime factors of 713880?
2, 3, 5, 661
List the prime factors of 393681.
3, 281, 467
What are the prime factors of 965246?
2, 113, 4271
List the prime factors of 190214.
2, 95107
What are the prime factors of 21693817?
21693817
List the prime factors of 45821.
45821
What are the prime factors of 1538407?
13, 9103
What are the prime factors of 178475?
5, 11, 59
List the prime factors of 18126396.
2, 3, 47, 3571
List the prime factors of 186334.
2, 151, 617
What are the prime factors of 152203?
152203
What are the prime factors of 10392969?
3, 47, 73709
What are the prime factors of 1919807?
223, 8609
List the prime factors of 2965361.
7, 17, 24919
What are the prime factors of 20445821?
11, 1858711
List the prime factors of 1989107.
1989107
What are the prime factors of 15984562?
2, 11, 43, 61, 277
What are the prime factors of 668149?
137, 4877
List the prime factors of 575341.
13, 44257
What are the prime factors of 140330?
2, 5, 14033
What are the prime factors of 2622221?
7, 374603
What are the prime factors of 447526?
2, 19, 11777
What are the prime factors of 1273983?
3, 424661
List the prime factors of 851334.
2, 3, 11, 12899
List the prime factors of 977343.
3, 325781
What are the prime factors of 7917584?
2, 494849
List the prime factors of 69447.
3, 7, 3307
What are the prime factors of 3673946?
2, 1836973
List the prime factors of 18928738.
2, 53, 283, 631
List the prime factors of 12226811.
12226811
List the prime factors of 9242426.
2, 163, 28351
What are the prime factors of 6086104?
2, 751, 1013
List the prime factors of 12706192.
2, 794137
What are the prime factors of 3225156?
2, 3, 11, 53, 461
What are the prime factors of 3316?
2, 829
What are the prime factors of 35133?
3, 7, 239
List the prime factors of 259900.
2, 5, 23, 113
What are the prime factors of 8527514?
2, 1439, 2963
What are the prime factors of 483415?
5, 109, 887
What are the prime factors of 17032132?
2, 13, 19, 17239
What are the prime factors of 13872647?
193, 71879
What are the prime factors of 48854?
2, 13, 1879
What are the prime factors of 278847?
3, 30983
What are the prime factors of 2277427?
41, 55547
List the prime factors of 12238.
2, 29, 211
What are the prime factors of 247379?
11, 43, 523
What are the prime factors of 115056?
2, 3, 17, 47
What are the prime factors of 5672456?
2, 709057
What are the prime factors of 4975954?
2, 2487977
List the prime factors of 4490409.
3, 7, 11, 2777
List the prime factors of 20457576.
2, 3, 53, 1787
What are the prime factors of 29423829?
3, 9807943
List the prime factors of 3687983.
13, 367, 773
What are the prime factors of 9358361?
631, 14831
List the prime factors of 34333786.
2, 17166893
What are the prime factors of 197862?
2, 3, 7, 673
What are the prime factors of 725652?
2, 3, 6719
What are the prime factors of 251232?
2, 3, 2617
List the prime factors of 17999193.
3, 5999731
What are the prime factors of 471275?
5, 7, 2693
List the prime factors of 842181.
3, 41, 167
What are the prime factors of 161258?
2, 80629
What are the prime factors of 1699353?
3, 62939
What are the prime factors of 7791203?
7, 1113029
What are the prime factors of 798571?
37, 113, 191
List the prime factors of 239688.
2, 3, 3329
What are the prime factors of 18048342?
2, 3, 13, 71, 3259
What are the prime factors of 371028?
2, 3, 7, 631
What are the prime factors of 940062?
2, 3, 156677
List the prime factors of 553384.
2, 13, 17, 313
List the prime factors of 54642.
2, 3, 7, 1301
List the prime factors of 280619.
17, 971
List the prime factors of 594768.
2, 3, 12391
What are the prime factors of 4983990?
2, 3, 5, 11, 1373
List the prime factors of 2350245.
3, 5, 156683
List the prime factors of 3815673.
3, 541, 2351
List the prime factors of 1116861.
3, 47, 89
List the prime factors of 204862.
2, 7, 14633
List the prime factors of 5099820.
2, 3, 5, 11, 7727
List the prime factors of 212491.
37, 5743
What are the prime factors of 109679?
67, 1637
What are the prime factors of 1396245?
3, 5, 93083
List the prime factors of 8735842.
2, 103, 42407
What are the prime factors of 8622433?
31, 278143
What are the prime factors of 105986?
2, 197, 269
What are the prime factors of 4199117?
13, 323009
List the prime factors of 8441157.
3, 2813719
What are the prime factors of 1331447?
13, 23, 61, 73
What are the prime factors of 6080109?
3, 7, 419, 691
What are the prime factors of 5885583?
3, 11, 178351
What are the prime factors of 10704814?
2, 47, 2423
What are the prime factors of 1799711?
29, 229, 271
List the prime factors of 29531.
29531
What are the prime factors of 265838?
2, 61, 2179
W